5) to base 4
31
Convert 461 (base 9) to base 14.
1d1
Convert -490 (base 16) to base 11.
-972
What is -6b95 (base 14) in base 6?
-222451
11320123 (base 4) to base 12
11b37
What is -1203 (base 6) in base 7?
-564
Convert -202210 (base 3) to base 5.
-4221
2410432 (base 5) to base 12
218b8
-1110101011011 (base 2) to base 14
-2a4b
Convert 1032 (base 8) to base 10.
538
a66 (base 14) to base 9
2727
-33132 (base 4) to base 15
-460
Convert -23131 (base 5) to base 9.
-2251
-10010002 (base 3) to base 12
-1392
What is 1104 (base 9) in base 3?
1010011
What is d12 (base 14) in base 10?
2564
What is 1023201 (base 5) in base 12?
a019
What is -9271 (base 13) in base 15?
-5ebd
What is 1001010111001101 (base 2) in base 9?
57540
What is 1260 (base 12) in base 4?
200220
What is -3000003 (base 4) in base 15?
-3996
Convert 2a09 (base 11) to base 2.
111100101001
What is 100000111110011 (base 2) in base 11?
11759
What is 6010 (base 7) in base 11?
1608
What is 819 (base 10) in base 3?
1010100
What is -b5b (base 12) in base 15?
-755
11210 (base 5) to base 8
1445
-1149 (base 10) to base 7
-3231
What is -64626 (base 8) in base 16?
-6996
What is -3755 (base 8) in base 9?
-2704
What is -3055 (base 8) in base 6?
-11153
10122 (base 3) to base 14
70
-3a0 (base 11) to base 13
-2a5
Convert 4420 (base 5) to base 16.
262
What is 1358 (base 13) in base 9?
3725
Convert 201220221 (base 3) to base 14.
5416
-8247 (base 10) to base 7
-33021
What is -31776 (base 10) in base 16?
-7c20
What is 1122220 (base 3) in base 5?
14322
Convert 30143 (base 6) to base 10.
3951
204443 (base 5) to base 4
1223121
Convert 448 (base 11) to base 13.
323
-a735 (base 15) to base 2
-1000101000101111
Convert 1165 (base 7) to base 3.
121021
What is 334022 (base 5) in base 6?
130242
Convert 121 (base 16) to base 6.
1201
-30312 (base 5) to base 10
-1957
What is -1c9 (base 14) in base 10?
-373
-22212231 (base 4) to base 14
-11b89
Convert -2345b (base 13) to base 16.
-fbd1
Convert -1441 (base 6) to base 8.
-601
Convert -3d45 (base 14) to base 15.
-332b
What is -332240 (base 5) in base 8?
-26462
11101110101 (base 2) to base 9
2551
331 (base 12) to base 16
1d5
Convert -237 (base 9) to base 12.
-144
Convert -1013 (base 8) to base 7.
-1345
What is 24 (base 5) in base 10?
14
What is 112 (base 12) in base 2?
10011110
What is 100100001101 (base 2) in base 3?
10011211
What is 950 (base 16) in base 4?
211100
What is 11000101101010 (base 2) in base 12?
73a2
Convert -4160 (base 9) to base 10.
-3051
Convert 21a (base 14) to base 5.
3131
What is 5046 (base 16) in base 3?
1001012010
Convert -102020100 (base 3) to base 13.
-3960
Convert 1011222021 (base 3) to base 8.
55414
103452 (base 6) to base 11
6509
What is 296 (base 11) in base 7?
1004
-197 (base 12) to base 6
-1111
Convert 59cc (base 13) to base 6.
134402
Convert -eb (base 15) to base 13.
-140
-575e (base 16) to base 15
-6961
-1000010101001 (base 2) to base 7
-15302
474 (base 13) to base 5
11041
Convert -7c6 (base 13) to base 16.
-541
What is -2a33 (base 15) in base 6?
-105520
Convert 4117 (base 8) to base 7.
6126
What is -668 (base 12) in base 6?
-4212
Convert 11061 (base 10) to base 3.
120011200
What is -106 (base 10) in base 16?
-6a
12d4 (base 15) to base 2
111110111000
Convert 1110111000010 (base 2) to base 4.
1313002
What is 1359 (base 11) in base 9?
2363
1201 (base 10) to base 13
715
2020212210 (base 3) to base 12
21826
What is 13630 (base 7) in base 14?
1517
9503 (base 10) to base 2
10010100011111
-233 (base 15) to base 13
-2c4
What is -693 (base 12) in base 4?
-33033
-127 (base 9) to base 4
-1222
What is -ba6 (base 15) in base 3?
-10121110
-1213 (base 7) to base 2
-111000011
1101010100100 (base 2) to base 9
10317
What is 3221301 (base 4) in base 16?
3a71
235325 (base 8) to base 5
10034342
What is -1642 (base 13) in base 14?
-1293
Convert 40a9 (base 12) to base 5.
211131
-1cf (base 16) to base 4
-13033
Convert -10111012 (base 3) to base 16.
-9ef
What is -76453 (base 8) in base 4?
-13310223
Convert 42ff (base 16) to base 5.
1022101
What is -220 (base 8) in base 12?
-100
-1100100010110 (base 2) to base 15
-1d82
55513 (base 8) to base 5
1221441
Convert -64b1 (base 14) to base 9.
-25776
-5677 (base 9) to base 2
-1000001101001
200212222 (base 3) to base 13
6362
260 (base 16) to base 3
211112
210112 (base 3) to base 16
245
What is 3409 (base 10) in base 4?
311101
What is -e2 (base 16) in base 15?
-101
Convert 10001010001001 (base 2) to base 16.
2289
Convert -1b4b (base 15) to base 8.
-13441
Convert -299 (base 16) to base 13.
-3c2
216335 (base 7) to base 2
1001010101100110
-111100000100010 (base 2) to base 8
-74042
What is 1100000011000 (base 2) in base 8?
14030
What is 2201221 (base 4) in base 12?
5ba1
67017 (base 9) to base 14
122d7
Convert 3a9a (base 14) to base 12.
5b88
What is -2100221220 (base 3) in base 12?
-22b96
Convert 3625 (base 10) to base 3.
11222021
41265 (base 7) to base 10
10092
What is -10c97 (base 13) in base 12?
-15935
What is 328 (base 11) in base 13?
243
-adac (base 16) to base 12
-21890
33150 (base 11) to base 16
bbdc
Convert -115 (base 10) to base 7.
-223
What is 13a2 (base 16) in base 9?
6804
-110010000 (base 2) to base 11
-334
What is -335c (base 13) in base 16?
-1c07
Convert 583 (base 9) to base 4.
13200
Convert -454 (base 6) to base 13.
-109
Convert 1432 (base 6) to base 12.
278
Convert -1010110010000 (base 2) to base 8.
-12620
-440 (base 12) to base 16
-270
What is -1565 (base 9) in base 2?
-10010101001
356a (base 13) to base 11
5720
Convert c311 (base 14) to base 12.
174a3
2371 (base 9) to base 6
12101
What is -28884 (base 9) in base 12?
-b47a
What is 122f (base 16) in base 6?
33315
-335 (base 16) to base 12
-585
12a (base 11) to base 8
231
Convert 96c (base 13) to base 7.
4461
What is 43535 (base 7) in base 8?
25230
What is 3250 (base 14) in base 5?
234234
Convert 1201 (base 9) to base 6.
4044
Convert 1225 (base 8) to base 14.
353
Convert -a04 (base 15) to base 5.
-33004
Convert -176127 (base 8) to base 14.
-19783
21c (base 13) to base 16
16b
2b4 (base 12) to base 16
1a8
3540 (base 9) to base 8
5104
-18b0 (base 12) to base 9
-4116
-1001110 (base 2) to base 4
-1032
Convert -4047 (base 8) to base 10.
-2087
22002 (base 5) to base 6
10542
33a (base 12) to base 4
13132
Convert -289 (base 12) to base 3.
-112120
Convert -200 (base 12) to base 7.
-561
17 (base 11) to base 9
20
-34 (base 7) to base 6
-41
Convert 4236 (base 9) to base 16.
c27
What is 37aa (base 13) in base 2?
1111011101010
Convert 12d (base 14) to base 15.
10c
4132 (base 5) to base 3
202002
Convert -432 (base 5) to base 11.
-a7
What is 606 (base 10) in base 2?
1001011110
Convert -21200 (base 3) to base 9.
-250
1361 (base 7) to base 13
320
Convert -9c (base 14) to base 3.
-12010
Convert 1040 (base 14) to base 8.
5360
2562 (base 7) to base 8
1717
What is 3951 (base 15) in base 4?
2333002
Convert 439 (base 14) to base 16.
343
40201 (base 5) to base 3
10111111
3303 (base 6) to base 11
630
Convert -3a3 (base 13) to base 8.
-1200
-101111110010 (base 2) to base 13
-1513
What is -595 (base 14) in base 2?
-10001010111
-147 (base 16) to base 11
-278
Convert -121002222 (base 3) to base 13.
-5465
What is -1147 (base 9) in base 16?
-355
253 (base 15) to base 3
201120
-22022323 (base 4) to base 8
-121273
Convert 10000011 (base 3) to base 9.
3004
What is 10525 (base 7) in base 8?
5151
Convert 381 (base 16) to base 14.
481
Convert 9005 (base 11) to base 9.
17385
Convert -43d8 (base 14) to base 2.
-10110111101010
148 (base 15) to base 9
355
What is dad0 (base 16) in base 5?
3243031
781 (base 11) to base 5
12221
Convert -1010110001 (base 2) to base 3.
-221112
Convert -105441 (base 6) to base 14.
-3409
Convert 16570 (base 11) to base 13.
a7c0
1234 (base 7) to base 13
29b
Convert 14231 (base 5) to base 2.
10010100111
What is 9877 (base 10) in base 9?
14484
-3394 (base 11) to base 9
-6104
Convert -110101111111 (base 2) to base 3.
-11201222
Convert 5566 (base 7) to base 12.
11b4
Convert -97a3 (base 11) to base 12.
-75a3
-732 (base 11) to base 15
-3dc
8022 (base 9) to base 16
16dc
Convert 100001100110100 (base 2) to base 7.
101105
7c47 (base 16) to base 15
9660
Convert -322221 (base 4) to base 10.
-3753
Convert -6c89 (base 13) to base 9.
-23015
Convert -1190 (base 10) to base 14.
-610
40230 (base 5) to ba